*u**2 - 307*u + 1221. Determine i(4).
-1015
Let q(b) = -20715*b + 120000. What is q(6)?
-4290
Let w(j) = 3517*j - 418470. Determine w(119).
53
Let r(q) = 58*q**2 + 727*q + 1445. What is r(-2)?
223
Let u(y) = 22*y**2 + 127*y - 1917. Give u(-12).
-273
Let t(m) = -147*m + 5415. Give t(37).
-24
Let d(s) = s**2 - 654536*s + 17671753. Determine d(27).
10
Let u(l) = -13*l**3 - 134*l**2 - 9*l + 80. Give u(-10).
-230
Let k(j) = -3*j**2 - 6968*j + 190329. Determine k(27).
6
Let k(y) = 2466*y**2 - 221930*y - 892. What is k(90)?
8
Let h(m) = 120077*m + 240219. Give h(-2).
65
Let q(z) = 3*z**3 + 148*z**2 + 248*z + 2749. What is q(-48)?
61
Let a(m) = -189091*m + 378188. Give a(2).
6
Let j(v) = 10*v**3 + 1259*v**2 + 1271*v + 176023. Calculate j(-126).
1
Let a(d) = 223*d + 1051. Determine a(5).
2166
Let j(n) = -n**3 - 50*n**2 - 9*n + 3. Give j(0).
3
Let u(b) = -1724*b - 241379. Calculate u(-140).
-19
Let o(p) = 135*p**2 + 1741*p - 52. What is o(-13)?
130
Let o(v) = -v**3 + 956*v + 96. Give o(0).
96
Let u(x) = -1098*x + 5482. What is u(5)?
-8
Let r(j) = 5964*j - 2242507. What is r(376)?
-43
Let m(p) = -16852*p + 118000. Determine m(7).
36
Let l(u) = 15*u**2 + 8082*u - 73961. What is l(9)?
-8
Let t(l) = -180*l**2 + 2443*l - 24. Determine t(12).
3372
Let z(i) = -20*i**2 - 23*i + 24. Give z(-3).
-87
Let c(t) = -93*t**2 + 871*t - 26. Determine c(9).
280
Let s(n) = -32927*n + 1745173. What is s(53)?
42
Let h(k) = k**2 - 870*k + 4217. Calculate h(5).
-108
Let z(t) = -2*t**3 + 45*t**2 + 458*t - 2332. Determine z(29).
17
Let g(p) = -392*p**2 + 2376*p - 2093. Calculate g(5).
-13
Let a(m) = -m**2 - 711*m + 19960. What is a(26)?
798
Let q(x) = -x**3 + 83*x**2 + 1686*x - 132. Determine q(100).
-1532
Let y(m) = -m**2 - 223*m + 26986. What is y(87)?
16
Let w(d) = -2*d + 124. What is w(41)?
42
Let o(r) = 39672*r - 912459. Give o(23).
-3
Let d(b) = -50*b**3 + 47*b**2 + 8*b - 5. What is d(1)?
0
Let m(n) = -8632*n - 2373800. Give m(-275).
0
Let u(g) = 15345*g - 551895. What is u(36)?
525
Let o(f) = -2*f**2 + 161*f + 93231. Determine o(260).
-109
Let g(l) = -63*l**3 - 570*l**2 - 532*l + 22. Determine g(-8).
54
Let r(a) = -596*a - 56. What is r(2)?
-1248
Let c(k) = 6*k**3 + 109*k**2 + 14*k + 15. What is c(-18)?
87
Let k(z) = -7*z**3 - 1194*z**2 + 2926*z - 2601. Determine k(-173).
-6
Let s(k) = -709*k - 45538. Determine s(-64).
-162
Let b(p) = -3*p**3 - 255*p**2 + 257*p - 106. Calculate b(-86).
-20
Let r(y) = 39*y**3 + 2*y**2 + 487*y - 2442. Calculate r(5).
4918
Let r(o) = -3*o**2 - 131*o + 637. What is r(-49)?
-147
Let c(i) = 23*i + 3211. What is c(-15)?
2866
Let f(w) = -74750*w - 598011. Give f(-8).
-11
Let i(r) = -1753*r**2 - 45555*r + 597. Determine i(-26).
-1
Let q(u) = -6*u**2 - 8204*u - 32666. Calculate q(-4).
54
Let h(r) = r**3 - 33*r**2 + 62*r + 156. Calculate h(31).
156
Let j(u) = -u**2 + 290*u + 24177. Calculate j(-66).
681
Let v(k) = -25603*k - 460857. What is v(-18)?
-3
Let r(x) = 1079*x - 191491. Give r(177).
-508
Let r(y) = 6*y**3 + 10*y**2 - 3886*y - 7799. Determine r(-2).
-35
Let o(d) = -827*d**2 - 5473*d + 2231. Determine o(-7).
19
Let n(o) = -31796*o - 11700934. Determine n(-368).
-6
Let u(q) = -93962*q + 1221542. What is u(13)?
36
Let x(d) = 3*d**2 + 241*d - 638. Determine x(-81).
-476
Let s(t) = t**3 + 724*t**2 - 29914*t + 6118. Give s(39).
-5
Let w(v) = 6031*v + 2098683. What is w(-348)?
-105
Let p(d) = 234*d + 3377. Determine p(-13).
335
Let m(b) = 11149*b - 668952. Determine m(60).
-12
Let d(y) = 2*y**2 - 14808*y - 133334. Give d(-9).
100
Let x(p) = 8*p**3 + 30*p**2 - 73*p - 12. Calculate x(-5).
103
Let u(m) = 391*m**2 + 4084*m + 1757. What is u(-10)?
17
Let u(x) = -x**2 + 1906*x - 140845. What is u(77)?
-12
Let l(m) = 28*m**3 + 229*m**2 - 34*m - 22. Give l(-7).
1833
Let b(g) = 11205*g - 279986. Calculate b(25).
139
Let v(j) = 32304*j + 322926. Determine v(-10).
-114
Let d(b) = 13*b**2 + 62*b - 400. Give d(7).
671
Let y(k) = 3*k**2 - 4365*k + 17483. Give y(4).
71
Let u(q) = -2*q**3 + 112*q**2 - 177*q + 3073. Calculate u(55).
-612
Let b(d) = d**3 + 18*d**2 - 22*d + 45. Give b(-13).
1176
Let g(k) = 8*k**2 - 132*k - 2230. Determine g(27).
38
Let j(n) = 2*n**3 + 462*n**2 - 3781*n + 10220. Calculate j(-239).
-57
Let q(o) = 12943*o + 556551. Determine q(-43).
2
Let h(t) = -t**3 - 12*t**2 - 467*t - 3022. What is h(-7)?
2
Let l(p) = 44*p**3 + 272*p**2 + 664*p + 3704. Calculate l(-6).
8
Let m(q) = 240*q + 17887. Give m(-77).
-593
Let p(d) = -d**3 + 25*d**2 + 818*d + 3721. What is p(45)?
31
Let x(o) = -94*o - 7908. Calculate x(-84).
-12
Let g(n) = -190*n**2 - 81699*n + 402. Calculate g(-430).
-28
Let w(f) = 3*f**3 + 11*f**2 + 19*f - 71. Determine w(-7).
-694
Let u(c) = c**2 + 86*c - 4550. Calculate u(-123).
1
Let a(r) = 738*r + 18572. Give a(-25).
122
Let m(c) = -24*c**2 + 1015*c - 3969. Determine m(4).
-293
Let l(b) = 11*b**2 + 95*b + 2. Give l(0).
2
Let l(m) = -4*m**2 - 735*m + 8011. What is l(-194)?
57
Let c(y) = -21*y - 267. What is c(-10)?
-57
Let y(r) = 9*r**2 + 362*r + 2485. Give y(-31).
-88
Let z(s) = -4*s**2 + 1041*s + 31952. What is z(288)?
-16
Let j(x) = -x**3 + 9*x**2 + 156047*x - 1716258. Calculate j(11).
17
Let u(a) = -4*a**3 - 318*a**2 + 486*a + 33. Give u(-81).
33
Let k(g) = g**3 + 44*g**2 + 295*g + 376. Calculate k(-6).
-26
Let s(n) = -139*n - 5548. Determine s(-40).
12
Let w(t) = t**3 - 2076*t**2 + 5413*t - 6926339. Determine w(2075).
11
Let r(x) = -57170*x - 343340. Determine r(-6).
-320
Let h(i) = -140*i**2 - 6442*i + 244. Determine h(-46).
336
Let b(v) = 31*v**2 - 953*v - 39. What is b(34)?
3395
Let l(u) = -u**3 - 36*u**2 - 187*u - 460. Give l(-26).
-2358
Let m(u) = 401*u - 59520. Determine m(148).
-172
Let a(n) = 2*n**3 - 22*n**2 + 87*n - 30. Determine a(5).
105
Let w(y) = -2*y**3 + 102*y**2 + 308*y + 857. Determine w(54).
-7
Let a(w) = -231419*w + 52532110. What is a(227)?
-3
Let w(f) = 1122281*f - 5611525. Calculate w(5).
-120
Let v(u) = u**3 - 809*u**2 - 2706*u + 2189152. Determine v(809).
-2
Let l(o) = -516*o - 87977. Determine l(-166).
-2321
Let a(q) = 1552*q - 183206. Give a(118).
-70
Let u(y) = 24636*y**2 + 73908*y - 4. Calculate u(-3).
-4
Let g(i) = -2908*i - 46608. Determine g(-16).
-80
Let w(t) = 75*t - 547. Determine w(9).
128
Let l(k) = -4*k**2 + 57*k - 616. Determine l(13).
-551
Let g(h) = -h**3 - 400*h**2 + 3252*h - 5384. What is g(-408)?
-488
Let x(b) = -16714*b - 852436. Give x(-51).
-22
Let i(f) = -89*f**2 + 1659*f + 11. What is i(19)?
-597
Let f(x) = x**2 + 160463*x + 802291. Give f(-5).
1
Let v(l) = -l**2 + 5446*l - 43501. What is v(8)?
3
Let o(n) = -24*n**2 + 383*n - 919. What is o(13)?
4
Let o(w) = -7*w**2 - 32*w + 404. What is o(-10)?
24
Let x(l) = l**2 - l - 507. Determine x(19).
-165
Let g(x) = 2*x**2 - 308804*x - 8648081. Calculate g(-28).
-1
Let d(p) = -25751*p + 283273. Give d(11).
12
Let j(a) = 73*a**2 + 1099*a + 80. Determine j(-15).
20
Let w(b) = -238167*b - 1905353. Determine w(-8).
-17
Let r(j) = -184*j**3 - 17*j**2 - 23*j - 11. What is r(-2)?
1439
Let w(k) = -84*k + 1645. Calculate w(66).
-3899
Let d(o) = -9*o**3 + 217*o**2 + 440*o + 116. Give d(26).
64
Let f(n) = n**2 + 5498*n + 223781. Determine f(-41).
44
Let m(k) = k**3 + 58*k**2 - 2662*k + 30981. Determine m(-91).
-50
Let t(y) = -y**2 + 3112*y - 120033. Calculate t(39).
-186
Let p(b) = -14*b**3 + 471*b**2 + 179*b - 311. Calculate p(34).
-5
Let a(s) = -21*s**3 + 1386*s**2 + 3*s + 197. Determine a(66).
395
Let l(j) = 153*j + 1543. Determine l(-26).
-2435
Let p(j) = -303*j - 58452. Calculate p(-196).
936
Let b(a) = a**2 + 73*a - 17299. Calculate b(100).
1
Let p(j) = 528*j - 728626. What is p(1380)?
14
Let n(l) = l**3 - 25*l**2 + 242*l - 3008. Calculate n(19).
-576
Let x(f) = -1959*f - 7508. Calculate x(-4).
328
Let o(i) = 8824*i + 194162. Calculate o(-22).
34
Let b(l) = -l**2 - 108*l - 2300. Give b(-31).
87
Let v(y) = 103*y**2 + 712*y - 1936. Determine v(-9).
-1
Let u(d) = -d**3 - 115*d**2 + 580*d - 3931. Give u(-120).
-1531
Let l(h) = 8205*h - 205114. Determine l(25).
11
Let o(y) = 9*y**3 - 5*y**2 - y + 11. Calculate o(5).
1006
Let b(j) = 10*j**2 + 5873*j + 11778. Determine b(-2).
72
Let l(c) = c**3 + 169*c**2 + 6108*c + 2749. Determine l(-117).
-59
Let o(x) = -922*x - 69255. Determine o(-75).
-105
Let p(u) = -2*u**3 - 118*u**2 + 3752*u + 15228. Calculate